ite number?
True
Suppose 3*j = z + 24441, j - 4*z - z - 8147 = 0. Is j prime?
True
Let f be ((-16)/(-12))/((-2)/(-21)). Is 502*(f/4 - (-3 + 6)) composite?
False
Let x = -4 + 2. Is 13458/54 + x/9 composite?
True
Let g(a) = -3*a + 3. Let o be g(-5). Suppose -5 = -4*w + 7. Suppose w*x - o = 39. Is x composite?
False
Let a(t) = 0*t**2 + 3 - t - 4 - t**2 - 2*t. Let l be a(-2). Is 94*l/((-4)/(-10)) a composite number?
True
Let f = 11668 - 16838. Let v = f + 10581. Is v a composite number?
True
Let l(s) = 1847*s - 55. Is l(6) composite?
False
Is (35/15)/(20/780) a prime number?
False
Let t(y) = -331*y + 113. Is t(-6) prime?
True
Is 5/((-135)/6) - 32967154/(-774) prime?
False
Suppose 1359 = 20*p - 21*p. Let k = p - -1916. Is k composite?
False
Let k = 44362 + -31421. Is k prime?
True
Let u(n) = 17*n - 12. Let r be u(11). Let a = r + -582. Let g = -268 - a. Is g composite?
False
Let l(o) = 65*o**2. Let i be l(-1). Suppose i = f - 18. Is f a prime number?
True
Suppose 25*r - 489541 + 110516 = 0. Is r composite?
False
Let t = -8 - 12. Is -5*(544/t - -1) a composite number?
False
Let h be (25 + -15)*(-102)/5. Let i be (-3612)/(-10) + 1/(-5). Let d = h + i. Is d a prime number?
True
Let t be 0*(-1)/3 + -2. Let z = t - -3. Is (-116)/(-1)*z/2 composite?
True
Suppose -70*m - 3031114 = -144*m. Is m a composite number?
False
Let s(k) = -k**3 + 58*k**2 - 16*k + 364. Is s(53) a composite number?
True
Let d be -1*2*(-1 - 7/(-2)). Let n(i) = -85*i - 24. Is n(d) a prime number?
True
Let j(k) = 14*k**3 - 5*k**2 + 7*k - 9. Let a(f) = -f**2 + 5*f + 10. Let z be a(6). Is j(z) composite?
True
Let b = -58 - -58. Suppose -12*x + 1788 + 3888 = b. Is x prime?
False
Let w be (-9)/2*(-1206)/27. Suppose 0 = 18*y - 15*y - w. Is y prime?
True
Let l = -3915 + 8118. Suppose -1670 = -2*p + 2*m, -l = 2*p - 7*p - 2*m. Is p composite?
False
Let x be 20/25 - (-994444)/20. Suppose -11*c = 8*c - x. Is c composite?
False
Let t(o) = -4*o + 5*o**3 - 5*o**2 - 6 - o**3 - 6*o**3. Is t(-3) a composite number?
True
Let u = 1778 + 19509. Is u composite?
True
Suppose 0 = 5*f + 5*c - 27075, 4*f + 2*c = -0*c + 21664. Let a = 8352 - f. Is a composite?
True
Let z(v) = v**2 - 2*v**2 + 388 + 2*v + 451. Is z(0) a composite number?
False
Let c(v) = 1689*v**2 + v - 1. Is c(1) composite?
True
Suppose -5*o + 10840 = -0*a - 5*a, 0 = -a + 5. Is o a composite number?
True
Let v be (0 - -33)/(5/10). Suppose 3*i - v = -4*s + 26, 4*s - i = 108. Let m = s - -159. Is m prime?
False
Let i = -42 + 131. Let y = 44 + i. Is y a prime number?
False
Let h be 8/(-3)*(-3)/2. Let m be 5478/h*4/(-3). Let q = -1215 - m. Is q composite?
True
Let p(d) be the first derivative of 4*d - 51/2*d**2 + 9. Is p(-3) prime?
True
Let o be 738/(-72) - 10/(-8). Is (o/(-3))/((-3)/(-917)) a composite number?
True
Suppose 37 = 5*o - 8. Let h = o - 5. Is h*4/(-8) - -333 a composite number?
False
Suppose -30 = -11*f + 17*f. Let v(m) = -4*m**3 + 2*m**2 - 6*m - 7. Is v(f) a composite number?
True
Let b = -30 + 55. Let h = b - -304. Is h prime?
False
Let d = 21 - -62. Suppose -82 - d = -5*y. Is y prime?
False
Suppose -668*j + 665*j + 159141 = 0. Is j a composite number?
False
Suppose -4*c - 8 + 20 = 0. Suppose j = -4*v + c, -j = -4*j + v + 9. Suppose j*i - 6*i = -1095. Is i composite?
True
Suppose 644 + 502 = 6*m. Is m composite?
False
Suppose 2*c - 11 = 5*o, 4*c - 31 = -o + 2*o. Let z(m) = 45*m - 15. Let b be z(c). Suppose b = -5*d + 1880. Is d a composite number?
False
Let s be (-15)/(-6)*(-156)/(-10). Let y be (-4)/(-3)*s/26. Suppose 2*o - 372 = -y*o. Is o a prime number?
False
Is (2/3)/(999370/(-142770) + 7) prime?
True
Suppose 0 = -2*q + 8, c + q = -2*q + 16. Suppose s - a - 845 = -0*s, 3*s + c*a = 2563. Is s prime?
False
Let i(y) = y**3 + 22*y**2 + 17*y - 33. Is i(16) a prime number?
True
Let a(f) = -9*f**3 - 2*f**2 + f. Let t be a(2). Let s = t + 241. Is s prime?
True
Let t(p) be the second derivative of 7*p**4/6 + p**3/6 + 5*p**2/2 + 7*p. Let a(c) be the first derivative of t(c). Is a(4) prime?
True
Suppose -4*z + 26358 + 49661 = -3*w, -4*w + 94985 = 5*z. Is z a composite number?
False
Suppose -y = 14*i - 13*i - 9167, 2*i - 5*y = 18348. Is i a prime number?
False
Let c = 1883 + -1041. Is c composite?
True
Is (-1037318)/(-16) + (-72)/192 + -1 a composite number?
True
Suppose 0*b = -2*n + 5*b - 8, -5*n - b - 20 = 0. Let t = 65 + -44. Is -4 + t + (-8)/n a composite number?
False
Suppose j + 4 = 2. Let b be 5901/15 - j/(-5). Suppose -3*x + b = -0*x. Is x composite?
False
Suppose -x + 3*i - 7 = 0, 4*x - 8*x + 24 = i. Suppose -m = 4*w - 3, 2*w + 15 = 4*w + 5*m. Suppose w*q - n - 447 = -x*q, -q + 5*n + 99 = 0. Is q composite?
False
Suppose 2*f - 4*f = 2. Is 4/1 + (-335)/f a prime number?
False
Let x = -9 + 9. Suppose 2*b - 2*t - 828 = x, -10 = 2*t - 0. Is b prime?
True
Suppose -2 = -i - 2*o, -i - 2*o = -4*o - 2. Let a(d) = 193 + 32 + 2*d**i + 34. Is a(0) prime?
False
Suppose 4*k = 2*y + 1247 + 11493, 0 = 3*k - y - 9556. Let o = -8368 + 12715. Suppose -5*l - o = -4*d - 1176, -2*l = -4*d + k. Is d a composite number?
True
Suppose 4*p = 5*f - 12, 0 = -4*f + 5*p + 6 - 0. Suppose -f*w + 5*w = 5. Suppose -723 - 1142 = -5*l - q, w*l - 1865 = 2*q. Is l a prime number?
True
Let k be 8/((-48)/(-63))*(-180)/(-21). Is 140470/k + 4/18 prime?
False
Let p = 931 - 1676. Suppose 1 + 431 = -2*y. Let n = y - p. Is n prime?
False
Suppose 0 = -r - 23 + 10. Let a be 297/(-13) + 2/r. Let h = a + 49. Is h composite?
True
Let l = -7 - -3. Is (1023/5)/1 - l/10 composite?
True
Suppose 0 = 10*n - 242744 + 48574. Is n composite?
False
Suppose g + 320 = -3*y + 2274, -4*g + 3*y + 7741 = 0. Is g/((-1)/(-1*4 - -3)) a prime number?
False
Let y = 18741 + -11264. Is y a composite number?
False
Suppose 5*n + 5 = 0, 5*n = 4*i - 1 - 8. Let u(y) = 141*y + 8. Is u(i) a prime number?
True
Let a = -61 - -39. Let p = 24 + a. Suppose -2717 = -5*d + 4*i, -p*i + i + 1079 = 2*d. Is d a prime number?
True
Suppose k - 4*s - 23549 = 0, 0*s = -2*k + 4*s + 47098. Is k composite?
False
Let x(j) = 9*j**2 + 72*j + 262. Is x(-51) prime?
False
Is 6/(-21) - (-2106819)/77 prime?
True
Let g(f) = 34*f**2 + 30*f - 29. Is g(21) a prime number?
False
Suppose 22495 = 5*n + 2*x, 4*x - 13478 = -3*n - x. Is n a prime number?
False
Let n = -621 - -1194. Is n composite?
True
Suppose -s = -3*s + 50. Let v = -25 + s. Suppose -2*o + g + 678 + 220 = v, 3*g = -12. Is o a prime number?
False
Suppose 26 = -11*u + 13*u. Is u composite?
False
Let v = -96 + 248. Let j = 141 + v. Is j prime?
True
Let c(p) = -p**2 + 18*p + 2. Let g(f) = -3*f**2 + 53*f + 6. Let z be (5 - 0) + 3 + -4. Let y(x) = z*g(x) - 11*c(x). Is y(9) a prime number?
True
Suppose -4 + 5 = -o. Let y be 24 - 0/(o + 0). Let q = -14 + y. Is q a prime number?
False
Is (21776/(-40))/((-6)/15) prime?
True
Let j(x) = 2*x**3 - 10*x**2 + 8*x - 41. Let t be j(5). Let c(y) be the third derivative of -251*y**4/12 + y**3/6 - y**2. Is c(t) composite?
False
Suppose -466*b = -444*b - 502942. Is b composite?
False
Let c(a) = 395*a - 22. Let u be c(-7). Let g = 176 - u. Is g a prime number?
True
Is (8089660/420 - 6) + (-2)/21 prime?
False
Suppose -3*j + 99 = -p, 0 = -j + 3*j - 4*p - 56. Is j a composite number?
True
Suppose 57 = z - 0*z. Suppose 3*i + 15 = z. Is 12/42 + 2474/i prime?
False
Let z be 132/24 + (-3)/(-2). Suppose -9*m + 6 = -z*m. Suppose 0 = m*d - 2*d - 5*x - 23, 2*d = 5*x + 36. Is d a composite number?
False
Suppose -2*h - 32 = -6*h. Suppose h*r = 7*r + 1. Suppose t = -r + 12. Is t composite?
False
Let f = 6044 - 2617. Is f a composite number?
True
Let d be (-783)/(-6)*-1*(-260)/39. Let t = d + 637. Is t prime?
False
Suppose 381068 = 11*y - 518501. Is y composite?
True
Let w = 5 + -3. Let g be w/(-6) - 26/(-6). Suppose 0 = t + g - 63. Is t prime?
True
Is (-16487 + (6 - -2))*2/(-6) a composite number?
True
Suppose 2*j + 0*j - 772 = 0. Suppose -4*s = r - j, -3 = -s - 4*r + 86. Suppose s = 2*d - 171. Is d composite?
True
Let y(g) be the third derivative of g**8/480 - g**7/840 + g**6/144 - g**5/60 - 3*g**2. Let k(r) be the third derivative of y(r). Is k(4) prime?
True
Let v be (-1)/7 - 4/(-56)*86. Suppose -v*x + 1827 = -3*x + 3*m, m = 4*x - 2446. Is x composite?
True
Let k(b) = b**3 - 4*b**2 - 10*b + 13. Let m(a) = -a + 1. Let g be m(0). Suppose 0 = 6*f - 35 - g. Is k